83?
87
In base 12, what is -284 + -5?
-289
In base 12, what is 0 + 21?
21
In base 2, what is -10 + -101111110?
-110000000
In base 5, what is 22 + -32?
-10
In base 5, what is -10 + -34?
-44
In base 16, what is 3 + -7d6?
-7d3
In base 3, what is 11022 + 11?
11110
In base 4, what is -3132 + 101?
-3031
In base 9, what is 45 + -1?
44
In base 10, what is 18 - 1?
17
In base 16, what is -ba + -1?
-bb
In base 16, what is -350 - a?
-35a
In base 5, what is -4 + 343?
334
In base 13, what is -23 + 4?
-1c
In base 14, what is -13c5 + -1?
-13c6
In base 5, what is -32 - -20?
-12
In base 12, what is 3 + -48?
-45
In base 6, what is -151 - 1554?
-2145
In base 9, what is 4418 - 0?
4418
In base 16, what is -35 + -a?
-3f
In base 11, what is -2 + 332?
330
In base 13, what is a - 77?
-6a
In base 16, what is -cfd + 1?
-cfc
In base 15, what is -13 + 6?
-c
In base 12, what is 5 + 348?
351
In base 15, what is 5 - 364?
-35e
In base 8, what is 1070 - -1?
1071
In base 14, what is a + 13?
1d
In base 15, what is -5 - -27?
22
In base 15, what is -13 + 79?
66
In base 12, what is 1 - 2b?
-2a
In base 8, what is 6 + -154?
-146
In base 10, what is -162 - 57?
-219
In base 11, what is -3 - 810?
-813
In base 8, what is -17560 - 5?
-17565
In base 2, what is 10010 + 1?
10011
In base 3, what is 11 - 221?
-210
In base 14, what is 82 + d?
91
In base 4, what is 33333 + 12?
100011
In base 10, what is 6978 - -1?
6979
In base 12, what is -3 + 140?
139
In base 2, what is 0 - 1101100110?
-1101100110
In base 8, what is -546 - 4?
-552
In base 7, what is -4 - 4056?
-4063
In base 5, what is -120 - 34?
-204
In base 8, what is 1 + -2210?
-2207
In base 6, what is -15 + 1241?
1222
In base 15, what is 219 - 5?
214
In base 4, what is -1232 - -2?
-1230
In base 4, what is 3 - -23313?
23322
In base 2, what is -10000111 + -111?
-10001110
In base 10, what is -4 + -668?
-672
In base 12, what is -313 - -3?
-310
In base 2, what is 110001011 - -100?
110001111
In base 15, what is -12 + 2?
-10
In base 3, what is 222112 + 10?
222122
In base 14, what is -3 - 94?
-97
In base 2, what is 101100 + -10001?
11011
In base 8, what is -4162 - -4?
-4156
In base 2, what is 1011000 - 11?
1010101
In base 16, what is -5 + 6d?
68
In base 12, what is 3 + -49?
-46
In base 8, what is -165 + 3?
-162
In base 7, what is -206 + -5?
-214
In base 8, what is 464 - -4?
470
In base 9, what is 1 - -832?
833
In base 12, what is -3 - 16?
-19
In base 3, what is -102 + -111001?
-111110
In base 9, what is 43 - 186?
-143
In base 14, what is 2131 + 3?
2134
In base 10, what is 5 + -2?
3
In base 14, what is -5 + -d0?
-d5
In base 6, what is -4 - 415?
-423
In base 14, what is -2 + 49?
47
In base 16, what is 65 - 5?
60
In base 9, what is 1 - -1236?
1237
In base 4, what is -1 + 100201?
100200
In base 12, what is -12b + 0?
-12b
In base 11, what is 2 - 89?
-87
In base 7, what is 10520 + 5?
10525
In base 13, what is 2 + a3?
a5
In base 14, what is 57 - -6?
5d
In base 15, what is 6e + 8?
77
In base 9, what is -3 - 56?
-60
In base 9, what is -215 + -4?
-220
In base 4, what is 1030 + 11?
1101
In base 3, what is -1222001 + -10?
-1222011
In base 6, what is 123 + 5?
132
In base 12, what is 5 + 1aa?
1b3
In base 7, what is -2 + 303?
301
In base 9, what is -2415 + 5?
-2410
In base 3, what is 220 + 2120?
10110
In base 15, what is -1 + -205?
-206
In base 14, what is -35 - 0?
-35
In base 12, what is 1 + -525?
-524
In base 9, what is 1 + 232?
233
In base 11, what is 22a - 5?
225
In base 7, what is -15 - 16?
-34
In base 13, what is 0 + 15?
15
In base 5, what is -1112 - -10?
-1102
In base 14, what is -28 + 11?
-17
In base 3, what is -210212 - -10?
-210202
In base 2, what is 10 - -111010?
111100
In base 12, what is 10 - 130?
-120
In base 5, what is 1011440 - -3?
1011443
In base 10, what is -71 - -4?
-67
In base 14, what is 4c + -16a?
-11c
In base 6, what is 2405 - 2?
2403
In base 12, what is 2 + -b4?
-b2
In base 8, what is 0 - 62?
-62
In base 15, what is 2 - 3c?
-3a
In base 13, what is 50 - -4?
54
In base 11, what is 31 - -3?
34
In base 4, what is -2011 - 3?
-2020
In base 5, what is -23142 - -1?
-23141
In base 3, what is -102 + 122?
20
In base 7, what is 41 - 2?
36
In base 9, what is -3 - 36?
-40
In base 9, what is -1 + -75?
-76
In base 14, what is -a1 - -5?
-9a
In base 5, what is 12 + 422?
434
In base 4, what is -3110 + -12?
-3122
In base 16, what is -28 + -5?
-2d
In base 7, what is 24 - -133?
160
In base 8, what is -2 + -62?
-64
In base 9, what is 3 + 176?
180
In base 6, what is -453 + -4?
-501
In base 9, what is 3 + -6?
-3
In base 11, what is -31 - -3?
-29
In base 5, what is 11131 - -2?
11133
In base 13, what is 8 - 59?
-51
In base 7, what is 54 - 4?
50
In base 9, what is 143 + -4?
138
In base 4, what is -12 + -2321?
-2333
In base 12, what is aa8 + 1?
aa9
In base 12, what is 23 + -10?
13
In base 16, what is 5 + bc?
c1
In base 6, what is -30 - -102?
32
In base 13, what is 0 - a1?
-a1
In base 4, what is -102 + -3201?
-3303
In base 10, what is -1 + 66?
65
In base 2, what is -10010100 - -1?
-10010011
In base 13, what is 57 + 5?
5c
In base 7, what is 5 - -2010?
2015
In base 15, what is 2 + -9?
-7
In base 3, what is -101122 - -1200?
-22222
In base 5, what is 32 + 42?
124
In base 3, what is -122 + -1001?
-1200
In base 14, what is -291c - -2?
-291a
In base 10, what is 5 - -32?
37
In base 10, what is -23 - -6?
-17
In base 10, what is -2 + 3746?
3744
In base 11, what is -3 + -1275?
-1278
In base 7, what is -6302 + -1?
-6303
In base 2, what is -110100 - 1111011?
-10101111
In base 11, what is 45 + 5a?
a4
In base 4, what is -1 - -1233?
1232
In base 10, what is 17 - -1277?
1294
In base 7, what is -4 + -61?
-65
In base 3, what is -201 + 2022?
1121
In base 16, what is -c8 + 5?
-c3
In base 9, what is 1 - 180?
-178
In base 4, what is 2 - -202?
210
In base 10, what is -5 - 177?
-182
In base 14, what is -5 - -bb?
b6
In base 8, what is -4 + 5210?
5204
In base 9, what is 2 - 315?
-313
In base 10, what is -4680 - -4?
-4676
In base 10, what is -1366 + 1?
-1365
In base 10, what is 37 + -221?
-184
In base 7, what is 3254 + -2?
3252
In base 5, what is -114 - -122?
3
In base 6, what is -11 - 4?
-15
In base 3, what is -12 - -101202?
101120
In base 13, what is -1 - 5?
-6
In base 3, what is 112101 - 0?
112101
In base 10, what is -3 - -220?
217
In base 4, what is -1 + -101?
-102
In base 12, what is 449 - -7?
454
In base 9, what is -1388 - 4?
-1403
In base 2, what is -10110011 - -1000111?
-1101100
In base 14, what is c6 + 4?
ca
In base 9, what is 16 + 1?
17
In base 3, what is -120122 - 1?
-120200
In base 12, what is 2b1 + 5?
2b6
In base 14, what is -5 - 493?
-498
In base 9, what is -2 + 1150?
1147
In base 9, what is 6 - 320?
-313
In base 4, what is 233 - 22?
211
In base 9, what is -11 - -244?
233
In base 5, what is -342 + 11?
-331
In base 3, what is 12 + -1212200?
-1212111
In base 7, what is 10 + -221?
-211
In base 3, what is 120 - -211021?
211211
In base 8, what is -3 - -176?
173
In base 12, what is -136 + 23?
-113
In base 14, what is 29 + -9c?
-73
In base 11, what is -818 - 4?
-821
In base 13, what is 37c + -3?
379
In base 16, what is 3d5 - -2?
3d7
In base 16, what is -f8a - 3?
-f8d
In base 11, what is -4 + 1592?
1589
In base 6, what is 1151 + -2?
1145
In base 7, what is -34 - 11?
-45
In base 12, what is -3 + 22?
1b
In base 6, what is -5 + 341?
332
In base 13, what is -2 - -28?
26
In base 14, what is dbc - -1?
dbd
In base 3, what is 10122 + 12?
10211
In base 12, what is -3180 - -4?
-3178
In base 6, what is -5 + 203?
154
In base 3, what is -220 + 11?
-202
In base 11, what is 801 + 0?
801
In base 14, what is -2d - -28d?
260
In base 15, what is 0 + -3a?
-3a
In base 5, what is -22 - 200?
-222
In base 3, what is -12 + 21112211?
21112122
In base 14, what is 2 - 5b?
-59
In base 14, what is 24 - -d?
33
In base 7, what is -3 - -1?
-2
In base 9, what is 35 + 40?
75
In base 9, what is -4 - -115?
111
In base 2, what is 1101100100 - 10?
1101100010
In base 5, what is -1 + 2303?
2302
In base 14, what is -302 - -2?
-300
In base 9, what is 3 - -645?
648
In base 7, what is -12216 - -1?
-12215
In base 5, what is -1 - 30?
-31
In base 12, what is -428 + 1?
-427
In base 16, what is 97 + -e?
89
In base 8, what is 1 - 2715?
-2714
In base 12, what is -5 - 181?
-186
In base 12, what is -761 + 4?
-759
In base 3, what is 11220010